 4. Let k = 25 + w. Is k composite?
False
Let t(g) = 3 - 4 + 4*g - 5*g + 2*g. Is t(7) composite?
True
Let z = 32 + 25. Is z prime?
False
Suppose 2*x - 3014 = x + 5*g, 11999 = 4*x - g. Is x composite?
False
Let o be 4/16 - 22/(-8). Suppose 159 = o*n - 3*f, n - 31 = 3*f + 30. Is n a composite number?
True
Suppose 24*g - 28*g = -2524. Is g composite?
False
Is 4 + (-4)/4 - -256 composite?
True
Let q(y) = y**3 + 4*y**2. Let n be 10/(-3)*(-21)/(-7). Let g = n + 7. Is q(g) a prime number?
False
Let p = 74 - -219. Is p a composite number?
False
Let y = 27 + -16. Suppose -9*u = -y*u + 166. Is u a prime number?
True
Suppose 75 = 5*t + 4*w, -4*w - w = -t + 15. Is t a prime number?
False
Suppose -u + 68 = 4*z - 86, 0 = -4*z - 2*u + 156. Suppose 2*b - 4*b = -z. Is b a composite number?
False
Suppose -5*g - 160 = u - 796, 2*u - 2 = 0. Is g a composite number?
False
Let k(s) = -6 + 41*s**2 + 3 + 4. Let i be k(2). Suppose i - 10 = 5*c. Is c composite?
False
Let w(m) = -m**2 - 1. Let o be w(-1). Is (-1)/o*(1954 + -8) a composite number?
True
Suppose -2*s + 1021 + 317 = 4*a, -4*a - 2664 = -4*s. Is s composite?
True
Let v(n) = 85*n - 9. Is v(2) prime?
False
Let l(r) = 7*r + 21. Let v = 16 + 0. Is l(v) prime?
False
Suppose -2*k = -4*c + 702, 2*c + 2*c - 4*k - 696 = 0. Suppose 2*u + c = 5*u. Is u composite?
False
Let m = 343 - 92. Is m composite?
False
Let s(o) = 47*o. Let m(n) = -189*n + 1. Let u(j) = -2*m(j) - 9*s(j). Let x be u(-3). Suppose -4*k + x = g, 2*g - 284 = -k - k. Is g composite?
True
Let j(v) = v + 2. Let t be j(0). Let f(g) = g**3 - 2*g**2 - 2*g. Let l be f(3). Suppose -h = -5*n - 32, 0 = -t*h - 3*n + 74 + l. Is h a composite number?
False
Suppose 33*n - 24*n - 5895 = 0. Is n a composite number?
True
Let n = 33 + -13. Is n - (-2)/6*-3 composite?
False
Let u be (-8 - (-4 - -3))*1. Is 1635/35 - 2/u a prime number?
True
Let g(f) be the third derivative of -103*f**6/30 + f**3/6 - f**2. Is g(-1) a composite number?
True
Let v(g) = 74*g**3 - g**2 - 4*g + 17. Is v(3) a prime number?
False
Let u = 89 + 56. Is u a prime number?
False
Let w(m) = m. Let o(j) = 6*j. Let h(y) = -6*o(y) + 44*w(y). Let t be h(1). Is ((-10)/t)/(1/(-20)) a composite number?
True
Is 4080/2 + 2 + -3 a composite number?
False
Is (3 + 136/4)*1 a composite number?
False
Suppose -6*v = -v - 4*w - 78, 4*v - 4*w = 64. Is v a composite number?
True
Let q(a) be the third derivative of a**6/60 + a**5/30 - a**4/6 + a**3/6 - 6*a**2. Is q(6) prime?
False
Let n(s) be the third derivative of -s**4/12 + 2*s**3/3 - s**2. Let t be n(-6). Let j = 31 + t. Is j a composite number?
False
Suppose 5*s = 3*h + 361, -s + 2*s = -4*h + 63. Is s a composite number?
False
Let q be ((-8)/(-20))/(2/880). Let p = q - 80. Suppose 341 = 5*s + p. Is s prime?
False
Suppose -2*i = -1283 - 803. Is i a composite number?
True
Suppose -3*t + 2*t = 0. Let z = 7 - 4. Suppose t*o = -z*o + 27. Is o a composite number?
True
Let c = -3 + 11. Let b = c + -4. Let d = 83 - b. Is d a prime number?
True
Let i be -1*(-4)/(12/57). Suppose -z - i = -3*a + 2*a, 2*a - 46 = 4*z. Is a a prime number?
False
Suppose 27*z - 23*z - 596 = 0. Is z a composite number?
False
Is ((-12)/8)/(6/(-18364)) composite?
False
Let v(d) be the first derivative of d**4/4 + 73*d + 1. Let f be v(0). Suppose -a + 3*q = -2*a + f, -69 = -a - 5*q. Is a prime?
True
Is (-4)/(-18) - -43*(-3913)/(-63) a prime number?
True
Suppose -w + 11 = -3*r, -19 = -w - w + 5*r. Suppose -2*b = w*b - 136. Let k = 111 - b. Is k a composite number?
True
Suppose -81 = 2*y + 5*g, -13 = y - 3*g + 44. Is 1 + y/(0 - 1) a composite number?
True
Let l(f) = -3*f - 7. Let k be l(-6). Suppose 10 + k = u - 5*x, 5*u + 3*x = 21. Is u a composite number?
True
Let j = 0 - -2. Let f = j - -13. Is f a composite number?
True
Suppose 1782 = -4*t + 11114. Is t a composite number?
False
Let d = -58 + 113. Let a = 107 - d. Let j = 78 - a. Is j a prime number?
False
Suppose v + 4*w - 14 = -v, 0 = -2*v + 5*w + 23. Let t(c) = -c**3 + c + c**3 + 9*c**2 - c**3 + 6 - v*c. Is t(8) prime?
False
Let p be 28/36 + 4/18. Let u(q) be the first derivative of 3*q**3 + q - 1. Is u(p) a composite number?
True
Suppose 2*g - 635 = -3*g. Is g a composite number?
False
Is (-10)/8 + 10/40 - -542 composite?
False
Let v(n) = n**2 - 7*n + 3. Let u be v(7). Suppose o + 11 = 5*q, 3*o = -u*q - 17 - 52. Let k = o + 44. Is k prime?
True
Is 1 + (-256)/(-1) - 0 a composite number?
False
Suppose 5*b - 2*p - 2*p = 9, -p + 19 = 3*b. Let c = 9 - b. Suppose 3*y - 3*h + 113 = c*y, -h = 4*y - 474. Is y a prime number?
False
Let g be 5/10 - 10514/4. Is g/(-45) - (-2)/(-5) composite?
True
Let q be (0 - (-1)/(-1))*5. Let s(k) be the first derivative of k**4/4 + 5*k**3/3 + 7*k - 3. Is s(q) a prime number?
True
Is 396 - (-2 - 0)/(-1) a composite number?
True
Let v(b) = 181*b**2 + 5*b + 5. Is v(-2) composite?
False
Is -17 - -337 - (1 + 2 + -2) a prime number?
False
Let q = -179 - -305. Suppose 141 = 3*i - q. Is i a prime number?
True
Is (2*1/6)/(20/4140) a composite number?
True
Let d be 3/(-12)*(-16)/4. Is -1 - -400 - (d - 3) composite?
False
Suppose -4*g + 3814 = -1326. Is g composite?
True
Suppose 2*a + 162 + 12 = 0. Let u = a + 169. Suppose 0 = 4*s - 106 - u. Is s a composite number?
False
Let z = 221 - 22. Is z composite?
False
Let z(r) = -220*r**3 + 2*r**2 - 2*r + 1. Let f be z(1). Let t = -85 - f. Is t composite?
True
Let t be 29/9 - 4/18. Let j(z) = 5 - 1 - 4*z**2 + 2*z + 1 + 2*z**t. Is j(4) a prime number?
False
Is 10/20*(0 - -38) a composite number?
False
Let v(r) = r**3 - 13*r**2 + 17*r - 2. Is v(13) composite?
True
Let l = 72 + -38. Let d = 64 - l. Let w = d - 19. Is w composite?
False
Suppose -4*h = -3*n + 1255, 2*n - 349 - 482 = -3*h. Is n prime?
False
Is (222/(-15))/(2/(-5)) prime?
True
Let g = 12 - 24. Let o be (-861)/(-3)*g/14. Is (1 + o/(-9))*3 prime?
False
Suppose 3*d - 2*d = -3*v + 6, 2*v + 4*d = 14. Is -1 + v + 0 + 23 prime?
True
Let k = 632 - 379. Is k a composite number?
True
Suppose g = -3*i + 1546, -g = -2*i + 3*i - 512. Is i composite?
True
Suppose -8*t + 3*t = 10. Let l(o) = o - 7. Let r be l(6). Is 1 + r + t + 28 a composite number?
True
Let s(a) = 37*a - 5. Suppose 2*q - 16 = -2*q. Is s(q) a prime number?
False
Suppose 1170 = 2*d + d. Suppose -5*c + 315 = -d. Is c a composite number?
True
Let x be 28 - (-1 - (-1 + 3)). Suppose -3*q = 2*d + x, 0*q + 23 = -d - 4*q. Let u = 18 + d. Is u a prime number?
True
Is (334 + -3)*3/3 composite?
False
Let w(i) be the first derivative of i**4/4 + 11*i**3/3 + 7*i**2/2 + 5*i - 4. Let m be w(-6). Let j = 210 - m. Is j a composite number?
False
Suppose u - 1678 = -4*g, -4*g + 0*g = -u - 1674. Is g a composite number?
False
Let m be (-23)/((-1)/2*2). Suppose d + 3*d + 2*t - 22 = 0, -m = -4*d - 3*t. Suppose 2*a = d*a - 63. Is a a composite number?
True
Let q(w) = 23*w**2 + 5*w + 1. Let b(n) = -12*n**2 - 3*n - 1. Let h(m) = 11*b(m) + 6*q(m). Let y be h(-6). Let i = y + -134. Is i prime?
False
Let g = 254 - 69. Is g a composite number?
True
Let o(v) = -193*v - 21. Is o(-8) composite?
False
Let i(c) = c**2 - 6*c - 3. Let j be i(7). Suppose -j*w + w = -423. Is w composite?
True
Is 6/(-30) - 24*(-186)/20 composite?
False
Let a = -9 - -11. Suppose 5 = -5*u, -3*u + 3 = -a*c + 84. Is c a composite number?
True
Let s = 13 + -10. Suppose -s*z - 579 = -1986. Is z a composite number?
True
Suppose 5*r = 138 + 12. Let f = -73 + r. Let h = f + 80. Is h a composite number?
False
Suppose -3*u + 8*u - 845 = 0. Is u a composite number?
True
Suppose -2*d - 92 = -4*d. Suppose 0 = -h + 69 + d. Is h composite?
True
Let u = 840 - 517. Let h = u - 180. Is h a composite number?
True
Suppose 0 = -2*w + 5*x - 57, -5*w - 5*x - 69 = -w. Is 522/14 - (-6)/w composite?
False
Let w = -7 + 4. Let n be 0/1 + (-75)/w. Suppose -2*c + 45 + n = 0. Is c a prime number?
False
Suppose -4*f = -n - 4*n + 5563, 0 = 4*n - 2*f - 4454. Is n a composite number?
True
Suppose 0 = -t + 4*t + 12. Is (-1434)/(-8) - (-1)/t a composite number?
False
Let l be (-1)/(-3) + (-1)/3. Let k = 4 + l. Suppose i = -5*p - 0*p + 106, -k*p + 96 = -2*i. Is p prime?
False
Suppose 8*w = 3*w + 395. Is w a prime number?
True
Suppose 2*a - 8 = 5*j - 27, 4*j = 20. Suppose i = -a*i - 64. Let y = i + 26. Is y a composite number?
True
Let r be -3 - -9 - (-1 - -3). Supp